= 4*c - 5*x - 175, -4*c + 2*x = -0*c - 166. Calculate the highest common divisor of 10 and c.
10
Let v(c) = 56*c**3 - 2*c + 1. Let m be v(1). What is the highest common factor of m and 5?
5
Let b = 37 - 5. Suppose 0*t + 16 = 2*t. What is the greatest common factor of b and t?
8
Suppose -3*j - 9 = 4*r, -r + 6 = -3*r - 2*j. Let q be (r + -1)*0 + 7. Let z(c) = 5*c - 4. Let u be z(5). What is the highest common divisor of q and u?
7
Let z = 289 + -72. Calculate the highest common divisor of 31 and z.
31
Suppose -2*r = -3*l - 36 - 32, r + l - 44 = 0. Suppose 4*m + 4*t - 20 = -0*t, -2*t = -2*m + 30. Calculate the greatest common factor of r and m.
10
Let y(c) = -c**2 + 8*c. Let u be y(4). What is the greatest common factor of 128 and u?
16
Let d(n) = -4*n**3 - n**2 + n - 1. Let b(y) = y - 1. Let c be b(-1). Let h be d(c). What is the greatest common divisor of 10 and h?
5
Let m(g) = -7*g - 8. Let a be m(-3). Calculate the greatest common factor of 13 and a.
13
Let f(k) = -k**3 + 6*k + 5. Let c(y) = 2*y + 2. Let m(a) = 8*c(a) - 3*f(a). Let b be m(2). What is the greatest common divisor of b and 84?
21
Suppose -2*g - 1 = 1. Let y = 1 - g. Calculate the greatest common divisor of y and 1.
1
Let b = 102 + -4. Suppose 3*f - 2*j + 14 = 66, 0 = 2*f - 2*j - 38. What is the greatest common factor of f and b?
14
Let r be (-6)/(-9)*(1 + -4 + 21). What is the highest common divisor of 18 and r?
6
Let q(l) = -l**3 + 6*l**2 - l + 8. Let g be q(6). Suppose -g*b + 54 = -58. Suppose -5*f = -10 - 60. Calculate the highest common divisor of f and b.
14
Let l(z) = -2*z + 27. Let x be l(11). Calculate the highest common factor of x and 45.
5
Let t = 0 + -4. Let v be (-78)/t - 1/(-2). What is the greatest common factor of v and 4?
4
Suppose 0 = -2*j + 4*j - 4. Let m be 96 - -2 - 4/j. What is the highest common factor of 12 and m?
12
Suppose -2*h - 24 = -4*h. Suppose 2 = a - 10. What is the greatest common divisor of a and h?
12
Suppose 0*c - c + 349 = 4*m, 0 = 3*c + 9. Let o = m + 16. What is the highest common factor of o and 13?
13
Let z = 779 - 526. Calculate the highest common factor of 23 and z.
23
Let b(p) = p + 14. Let l be b(-14). Suppose -3*t = -l*d + 4*d - 430, 5*t - 3*d = 765. Calculate the highest common factor of 15 and t.
15
Let r(s) = s + 44. Suppose -4*f = -3*c - 0 - 4, -22 = f + 5*c. Let x = -2 - f. Let w be r(x). Calculate the greatest common factor of w and 11.
11
Let o(v) = v**3 - 2*v**2 + v + 2. Let x be o(2). Let r = x + -41. Let w = -25 - r. What is the greatest common divisor of w and 60?
12
Let t(f) = -24*f - 17. Let q be t(-8). Calculate the highest common divisor of q and 25.
25
Suppose -h - 102 = -3*k, 2*k - 2*h = -h + 68. Let j = -67 - k. Let c be 6/(-9) - j/3. What is the greatest common factor of 3 and c?
3
Let f be (-6)/(-12)*(-2)/1. Let k be f + 2 - (2 - 4). Calculate the highest common factor of k and 27.
3
Suppose 0 = 5*k - 5*l - 40, -k - 2*l = -2*k + 12. Suppose -k*p = 107 - 307. What is the greatest common divisor of p and 20?
10
Let x be (4/10)/((-3)/(-135)). Calculate the highest common factor of x and 180.
18
Let v(z) = z**3 - 7*z**2 - 8*z + 9. Let u be v(8). What is the greatest common factor of u and 9?
9
Let d = 68 - 40. Calculate the highest common divisor of 112 and d.
28
Let w(z) = 4*z**3 - 3*z + 1. Let b be w(2). Calculate the highest common divisor of b and 9.
9
Let v(d) = 82*d**2 - 7*d + 1 + 7*d + 60*d**2. Let c be v(-1). Let m(x) = -2*x**3 - x**2 + 1. Let r be m(-2). Calculate the greatest common factor of c and r.
13
Let p = -16 - -32. Let m = 4 + 36. What is the highest common factor of m and p?
8
Let l(u) = -u**3 + 7*u**2 + 7*u + 8. Let c be l(8). Let g be (1 - (0 - c)) + -6. Let h be ((-3)/(-2))/(g/(-30)). What is the highest common divisor of 27 and h?
9
Suppose o + 27 = -2*w, -o + w + 30 = -2*o. Let i = -17 - o. What is the greatest common factor of i and 32?
16
Let q be ((-1)/2)/(3/(-12)). Suppose 2*t - 12 = -q*t. Let r(s) = 3*s + 1. Let l be r(t). Calculate the highest common factor of l and 10.
10
Suppose -f + 59 = 3*i + 1, -4*i - 136 = -2*f. Suppose 0*l + 5*q + 39 = 4*l, -2*q - 54 = -4*l. What is the highest common divisor of l and f?
16
Let p(f) = f + 7. Let z(o) = o**3 - 2*o - 1. Let d be z(-1). Let v be p(d). Calculate the highest common factor of 56 and v.
7
Suppose 3*r = 12 + 27. Let n = -9 + 4. Let m(a) = a**3 + 11*a**2 + 7*a + 2. Let c be m(n). What is the greatest common divisor of r and c?
13
Let i = -6 - -8. Suppose -3*p - i*p = -680. Calculate the highest common factor of p and 17.
17
Let a be (98/56)/((-1)/(-4)). What is the highest common divisor of 28 and a?
7
Suppose -5*b + 5*g = -93 + 28, 3*b - 47 = 5*g. Let f be (54 - 0)/((-3)/(-2)). Calculate the greatest common divisor of b and f.
9
Suppose 3*u = 2*u + 98. Calculate the greatest common divisor of u and 14.
14
Suppose -5*s + 4*l = -10*s - 10, 5*s = 2*l + 20. Suppose 9 = -x + s*x + 3*q, 0 = q. Let m = 11 - -16. Calculate the greatest common factor of m and x.
9
Let u(j) be the third derivative of j**5/60 - j**4/3 + 3*j**3/2 + 3*j**2. Let b be u(7). Suppose b*m = -0*m + 8. What is the greatest common factor of 10 and m?
2
Let x(m) = 27*m**2 - 3*m - 3. Let v be x(-1). What is the highest common divisor of v and 9?
9
Suppose 0 = -2*l - 3*n - 5, 19 = 5*l - 3*n. Suppose i + l*i = 378. Calculate the greatest common factor of i and 14.
14
Let d = -9 + 6. Let v be 12 + 2 + 0 + -1. Let o = v + d. What is the greatest common divisor of o and 2?
2
Let c(q) = 6*q + 11. Let n be c(4). Suppose -19 - 11 = -2*z. Suppose -2*l + 0*l + z = -t, -4*t = -4*l + 40. What is the highest common divisor of n and l?
5
Suppose -7*o + 5*o = -14. What is the greatest common factor of 49 and o?
7
Let u be (36 + 0)*(-1)/(7/(-21)). What is the highest common factor of 24 and u?
12
Let k(u) = -2*u**3 - 4*u**2 + 2*u + 4. Let z(y) = -y**2 + 3*y - 3. Let h be z(3). Let p be k(h). What is the highest common divisor of p and 16?
16
Let w be (-44)/(-6) - (-4)/(-12). Let s = 0 - 2. Let u be ((-385)/(-20))/(s/(-8)). Calculate the greatest common divisor of w and u.
7
Let u = 35 + -57. Let t = -14 - u. Let k = 23 - 15. Calculate the highest common divisor of k and t.
8
Let b(v) = 5*v - v - 7 - 2*v. Suppose 2*g - 2 = -2*f, -2*g + 4*g + 4*f + 6 = 0. Let u be b(g). What is the greatest common divisor of 6 and u?
3
Let z = -45 - -166. Calculate the greatest common factor of z and 11.
11
Let v(m) = 17*m + 0 - 13*m - 2. Let p be v(5). What is the highest common factor of p and 198?
18
Let x(p) = 11*p - 3. Let v be x(5). Let d = -3 + 8. Let q = 18 - d. What is the highest common factor of q and v?
13
Suppose 0 = c + 3*n - 11 + 3, -5*c - 32 = -3*n. Let r be 6*(-2)/(-16)*c. Let p = 14 + r. What is the highest common factor of p and 88?
11
Suppose j - 3*j = -24. What is the greatest common divisor of j and 84?
12
Suppose g + 0*g = 5. Let u(z) = 2 + 4 + 18*z + 13*z - 7*z. Let t be u(g). What is the highest common divisor of t and 14?
14
Let x be (-7)/(-21) - 106/(-6). Calculate the greatest common factor of 198 and x.
18
Let b = 33 + -48. Let h be -24*(-3 + b/(-6)). Let v = 135 + -87. What is the greatest common divisor of h and v?
12
Let i = 112 - 17. Calculate the highest common divisor of i and 19.
19
Suppose u - 3*o + 20 = 0, 4*u - 4 = 3*u - 3*o. Let x(a) = a**3 + 7*a**2 - 9*a - 3. Let q be x(u). Calculate the greatest common divisor of 2 and q.
1
Let x = 67 - 28. What is the greatest common divisor of 26 and x?
13
Let q be (1 - (3 - -3))/((-3)/15). What is the greatest common factor of 25 and q?
25
Let n be -1*21*2/(-3). Let u = n - 10. Suppose 15 = -y - u*f - f, 2*y - f = 25. What is the highest common factor of 5 and y?
5
Suppose k - 2*p = -112, -4*k + 2*p - 552 = k. Let n = -55 - k. Calculate the greatest common factor of n and 11.
11
Let t = -29 + 46. Suppose 0 = x - 4*x + 357. What is the greatest common divisor of t and x?
17
Suppose -5*w + 264 = -w + 4*b, -b - 269 = -4*w. Suppose 4*y - 327 + w = 0. What is the greatest common factor of y and 26?
13
Let w = -2 - -5. Let d = 5 - w. Suppose -x = 4*k - 116 + 41, -3*k - d*x = -60. Calculate the greatest common factor of 45 and k.
9
Let w be (4/(-6))/(4/(-246)). What is the greatest common factor of w and 41?
41
Let p(n) = n + 1. Let z be